= -k**3 - 44*k**2 + 43*k - 20. Calculate the remainder when 275 is divided by r(-45).
65
Suppose -4*w + 4*g - 68 + 428 = 0, -2*w = g - 168. What is the remainder when w is divided by 29?
28
Let i be -1*(1/1 + -4). Suppose 0 = t - i*t + 60. Calculate the remainder when t is divided by 8.
6
Suppose 4*j - 3*j = -3*f + 23, -4*j + 2*f = -64. Calculate the remainder when j is divided by 9.
8
Let d be (-440)/12 - (1 - 8/12). Let n = d + 45. Calculate the remainder when n is divided by 2.
0
Suppose 0 = 4*l - 25*y + 27*y - 110, -5*l = 3*y - 138. What is the remainder when 538 is divided by l?
25
Suppose -22*w = -38*w + 96. Let s(n) = -3*n - 1 + n + 9*n. What is the remainder when s(w) is divided by 22?
19
Suppose -2*u - 2*y = 6, -3*y - y = 3*u + 13. Let v be -1*(u + 0)*11. Let l = 36 + v. What is the remainder when l is divided by 14?
11
Let p = 32 + -30. Suppose -2*x + 6 = -5*g + 2*x, p*g - 20 = -4*x. Let l = g - -11. Calculate the remainder when l is divided by 8.
5
Let q(m) = -37*m - 1. Let o be q(-1). Let d = o + -33. Suppose -2*x = 4*u + 14, -x - 32 = -5*x + 4*u. What is the remainder when x is divided by d?
0
Let x(b) = -b**3 - 18*b**2 + 13*b + 51. Calculate the remainder when x(-20) is divided by 9.
6
Let j be 2 - (-3*9 + 2). Let x = j + 28. Calculate the remainder when x is divided by 14.
13
Suppose 2 = r - 6. Calculate the remainder when 161 is divided by r.
1
Let f(s) = -s**3 + 40*s**2 - 144*s + 24. What is the remainder when 333 is divided by f(36)?
21
Suppose -5*v = 3*v - 320. Calculate the remainder when 61 is divided by (-84)/10*v/(-16).
19
Suppose 246 = -3*z + 4*z + 3*s, 3*s + 258 = z. What is the remainder when z is divided by 82?
6
Let j be 2/9 + (-394)/(-9). Suppose -3*o - 9 + j = 4*r, 0 = 3*r + 3. Let z = -2 - -39. What is the remainder when z is divided by o?
11
What is the remainder when (-2)/17 - (12 - (-1096)/(-68)) is divided by 4?
0
Let h be 4/2 - 3 - -16. Suppose -h - 11 = -2*b. What is the remainder when 62 is divided by b?
10
Suppose 26 = -5*d + 121. Calculate the remainder when d is divided by 42/9 + 5/15.
4
Let r be (6 + (-5)/1)/(1/25). Calculate the remainder when 12 is divided by ((-5)/r)/1 - (-32)/10.
0
Let g(i) = 2*i**2 - 7*i - 7. Let d be g(-7). Let j = d + -24. Suppose 7*x = 3*x + j. Calculate the remainder when x is divided by 10.
9
Let z be ((-16)/3)/(2 - 40/18). Suppose z = -2*m + 3*m. Suppose h + 20 = 5*h. Calculate the remainder when m is divided by h.
4
Let k(g) = 27*g - 7*g - g**2 - 52 + 1. Calculate the remainder when k(13) is divided by 3.
1
What is the remainder when 273 is divided by (-1 - 0)*(-2 + -70)/3?
9
Let o(h) be the third derivative of -h**4/8 - 2*h**3/3 + 5*h**2. Suppose 3*r + 19 = 1. Calculate the remainder when 53 is divided by o(r).
11
Suppose -3*h + 21 = 4*h. Suppose -108 = -h*x + 15. Suppose 0 = -c - 0*c + 14. Calculate the remainder when x is divided by c.
13
Suppose -7*a + 68 = -3*a. Let v = -31 + 33. Suppose q = -v*d + 4, q - 22 = 2*d + 2*d. Calculate the remainder when a is divided by q.
7
Suppose -n - 4 = -6. Suppose 0*h - 14 = -3*h + q, 3*h - 10 = n*q. Calculate the remainder when 9 is divided by h.
3
Let q = 26 - 24. Suppose -a + u = 3*a - 42, q*u + 29 = 3*a. Calculate the remainder when 42 is divided by a.
9
Let f(y) = -8*y - 30. Let r be f(-6). Let z = r - -19. What is the remainder when z is divided by 8?
5
Let k = 31 + -31. Let w(o) = o**2 - 2*o - 3. Let b be w(6). Suppose -2*d = s - 3*s, -4*s - 3*d + b = k. Calculate the remainder when s is divided by 1.
0
Let j be 4/((-20)/25) - -7. Suppose -162 = -3*n + 5*p, 2*n - 2*p - 216 = -j*n. Calculate the remainder when n is divided by (-2)/3*57/(-2).
16
Suppose p - 194 = 6*p + x, 2*p = 2*x - 68. Let h = -54 - p. Let a = 27 + h. What is the remainder when 32 is divided by a?
10
Let r(z) = -z**3 + 52*z**2 - 52*z + 215. What is the remainder when 317 is divided by r(51)?
153
Suppose 4*r - 288 = 3*g, 3*g - 127 = -5*r + 206. Suppose -5*z + 16 = -9. Let m(o) = -o**2 + 7*o + 8. What is the remainder when r is divided by m(z)?
15
Suppose -n - 27 - 69 = 4*t, -4*n + 3*t = 479. Let j = -72 - n. Suppose -138 = -2*k - j. Calculate the remainder when k is divided by 12.
11
Suppose -258*c = -231*c - 3456. What is the remainder when 268 is divided by c?
12
Suppose 3*x - 57 = -i, -x = -0*x - i - 15. Suppose -4*c + 208 = -3*w, 0 = -5*c + 3*w + w + 260. What is the remainder when c is divided by x?
16
Suppose 6*y - 2*y + 1032 = 28*y. Calculate the remainder when y is divided by (-8)/(-3)*(-54)/(-8).
7
Let n(o) = o**3 - 5*o**2 - 2*o - 6. Suppose -4*m - 26 = -2*i, 3*m - 7 = -i - 14. What is the remainder when n(6) is divided by i?
3
Suppose -2*n - 4*y + 41 = 13, -y - 125 = -5*n. Calculate the remainder when 262 is divided by n.
22
Let k(i) = 2*i**3 - 5*i**2 + 2*i - 4. Let o be k(4). Suppose 48 = 5*j - o. Suppose 4*x - 2*x = 114. Calculate the remainder when x is divided by j.
17
Let u = 53 - -9. Let t = -28 + u. Suppose 525 = 5*z - 4*s, 2*z - 7*s + 8*s - 197 = 0. What is the remainder when z is divided by t?
33
Let k(i) = 14*i - 13. Suppose -2*r + 504 = 12*r. Calculate the remainder when k(6) is divided by r.
35
Let g = 244 + -218. Calculate the remainder when 59 is divided by g.
7
Suppose -54 = -4*d + 2*z, 0 = -0*d + d - 4*z - 24. Let v(l) = 2 + 3 + l - 6. What is the remainder when 19 is divided by v(d)?
8
Suppose 2*x = 4*f + 358, 3*f = 2*f + 1. What is the remainder when x is divided by 59?
4
Suppose -16*o + 16 = -12*o. Suppose 0 = -o*g + 8*g - 16. Calculate the remainder when 6 is divided by g.
2
Suppose 0 = -5*l + t + 1727, l - 271 = -3*t + 68. Calculate the remainder when l is divided by 22.
15
Suppose 5*s = -d + 84 + 39, 2*d - 218 = 4*s. Let r = d + -91. Calculate the remainder when 62 is divided by r.
18
Suppose -w - 2*w + 129 = 4*q, -2*q = 0. Suppose -343*b + 319*b = -3960. Calculate the remainder when b is divided by w.
36
Let b(u) = u**2 - 20*u + 210. Calculate the remainder when 1104 is divided by b(9).
105
Suppose 0*t - 2*h - 100 = -3*t, t - 56 = -5*h. Suppose 5*a = 3*u - 98, 2*u + 7*a - 3*a = t. What is the remainder when u is divided by 7?
5
Let w = 136 - 51. Suppose -163 - w = 4*h. Calculate the remainder when 25 is divided by h/(-9) - 5/(-45).
4
Suppose 20 = 7*n - 2*n + 5*q, -3*n + 4 = 5*q. What is the remainder when 141 is divided by n?
5
Let y(p) = -p**2 - 18*p + 39. What is the remainder when 277 is divided by y(-17)?
53
Let b(w) = -w**3 + 6*w**2 - 6*w + 4. Let k be b(5). Let z(o) = 3*o**2. Suppose 11*v - 20*v + 27 = 0. Calculate the remainder when v is divided by z(k).
0
Suppose -5*j + 53 = c, 3*j - 12 - 3 = 0. Let b = -28 + 40. What is the remainder when c is divided by b?
4
Suppose s - 2 = 0, 0*f - s + 482 = 4*f. Suppose 0 = 3*p - 7*t + 3*t - 90, -5*t = -4*p + f. Let k = 23 + -12. What is the remainder when p is divided by k?
8
Suppose -5*t + 11 = -3*g - 202, 4*t - 163 = -5*g. What is the remainder when 208 is divided by t?
40
Let j be 8/6*(-15)/(-5). Suppose 4*s - t = 230, -j*s = t - 6*t - 238. Let v = s - -7. Calculate the remainder when v is divided by 22.
20
Suppose 10*j + 13818 = 59*j. Calculate the remainder when j is divided by 15.
12
Let w(m) be the first derivative of -85*m**4/4 - m**3 - 3*m**2/2 - m + 12. Calculate the remainder when w(-1) is divided by 18.
12
Let i(d) = 144*d**2 + d. Let a be i(1). Suppose -5*n = -50 - a. Calculate the remainder when n is divided by 1056/77 - (-1)/((-7)/(-2)).
11
Suppose 3*o = 3*l + 132, -22*o + 216 = -17*o - 3*l. What is the remainder when o is divided by 13?
3
Let x = -33 + 62. Let b = x + -18. Calculate the remainder when 41 is divided by b.
8
Let t = -5 + 11. Let j be 56/42 - (-4)/t. Suppose -j*m = -0*l - 4*l + 140, 0 = 2*m. Calculate the remainder when l is divided by 12.
11
Suppose 0 = -3*g + 4*g. Let t(r) = 89 - 5*r + 19*r - 12*r - 3*r. Calculate the remainder when t(g) is divided by 23.
20
Let i = -19 - -22. Suppose -4*b + 143 = h, i*b + 4*h + 3 = 94. Calculate the remainder when b is divided by 20.
17
Suppose 4*q = 5*c - 103, 0 = -133*c + 134*c + q - 17. Let r(d) = -d + 2. Calculate the remainder when c is divided by r(-6).
3
Calculate the remainder when (-1)/(-4)*-5 + (-1227)/(-12) is divided by 36.
29
Let o = 52 + -40. What is the remainder when (69/12)/(1/o) is divided by 18